{"id":891,"date":"2024-02-11T18:31:43","date_gmt":"2024-02-11T17:31:43","guid":{"rendered":"https:\/\/www.jardinsdechanabier.com\/?page_id=891"},"modified":"2024-09-09T19:41:45","modified_gmt":"2024-09-09T17:41:45","slug":"le-jardin-solidaire-et-partage","status":"publish","type":"page","link":"https:\/\/www.jardinsdechanabier.com\/?page_id=891","title":{"rendered":"Le Jardin Solidaire et Partag\u00e9"},"content":{"rendered":"\n<p><strong>Ce jardin est un lieu de rencontre, un lieu de partage et de solidarit\u00e9 envers les familles et personnes en pr\u00e9carit\u00e9, un lieu o\u00f9 on se reconnecte avec la nature, un lieu de formation \u00e0 la permaculture, un lieu d&rsquo;apprentissage et de d\u00e9couverte\u2026<\/strong><\/p>\n\n\n\n<p>L&rsquo;aventure de ce jardin collectif a d\u00e9marr\u00e9 en 2023, en partenariat avec l&rsquo;association Marius et P\u00e2querette pour l&rsquo;aide aux familles et aux personnes en pr\u00e9carit\u00e9. <\/p>\n\n\n\n<ul class=\"wp-block-list\">\n<li>Nous avons \u00e0 disposition depuis le 1er avril 2023,&nbsp;<strong>un jardin de 1 400 m\u00b2 sur Rosi\u00e8res (Ard\u00e8che)<\/strong>.&nbsp;Ce jardin est compos\u00e9 de deux terrasses contig\u00fces.<\/li>\n\n\n\n<li>Nous cultivons ce jardin avec une petite \u00e9quipe selon les principes du<strong>\u00a0<\/strong><strong>jardinage sur sols vivants.<\/strong><\/li>\n\n\n\n<li>Nous avons d\u00e9but\u00e9 la mise en place du\u00a0<strong>design permaculturel<\/strong>\u00a0du jardin en tenant compte de l&rsquo;existant.<\/li>\n\n\n\n<li>Nous avons le souhait d&rsquo;accueillir des <strong>groupes en immersion<\/strong>. Un premier groupe a \u00e9t\u00e9 accueilli en novembre 2023, en partenariat avec L&rsquo;Art d&rsquo;En Faire et la Mission Locale de l&rsquo;Ard\u00e8che M\u00e9ridionale via le dispositif de <a href=\"https:\/\/lartdenfaire.com\/la-passerelle-jeunes-une-aide-a-la-remobilisation\/\">\u00ab\u00a0La Passerelle Jeunes\u00a0\u00bb<\/a> <\/li>\n\n\n\n<li>Ce jardin peut \u00eatre d\u00e9fini comme \u00e9tant<strong> un \u00e9colieu<\/strong> o\u00f9 tout peut \u00eatre possible dans le respect des Humains, de la Nature, et dans la partage \u00e9quitable des ressources. <\/li>\n<\/ul>\n\n\n\n<h4 class=\"wp-block-heading\">En savoir plus : <\/h4>\n\n\n\n<figure class=\"wp-block-embed is-type-wp-embed is-provider-les-jardins-de-chanabier wp-block-embed-les-jardins-de-chanabier\"><div class=\"wp-block-embed__wrapper\">\n<blockquote class=\"wp-embedded-content\" data-secret=\"mMVujVbfIu\"><a href=\"https:\/\/www.jardinsdechanabier.com\/?p=925\">Cr\u00e9ation d&#8217;un Jardin Solidaire et Partag\u00e9<\/a><\/blockquote><iframe loading=\"lazy\" class=\"wp-embedded-content\" sandbox=\"allow-scripts\" security=\"restricted\" style=\"position: absolute; visibility: hidden;\" title=\"\u00ab\u00a0Cr\u00e9ation d&#8217;un Jardin Solidaire et Partag\u00e9\u00a0\u00bb &#8212; les jardins de chanabier\" src=\"https:\/\/www.jardinsdechanabier.com\/?p=925&#038;embed=true#?secret=lezKVzsRPn#?secret=mMVujVbfIu\" data-secret=\"mMVujVbfIu\" width=\"525\" height=\"296\" frameborder=\"0\" marginwidth=\"0\" marginheight=\"0\" scrolling=\"no\"><\/iframe>\n<\/div><\/figure>\n","protected":false},"excerpt":{"rendered":"<p>Ce jardin est un lieu de rencontre, un lieu de partage et de solidarit\u00e9 envers les familles et personnes en pr\u00e9carit\u00e9, un lieu o\u00f9 on se reconnecte avec la nature, un lieu de formation \u00e0 la permaculture, un lieu d&rsquo;apprentissage et de d\u00e9couverte\u2026 L&rsquo;aventure de ce jardin collectif a d\u00e9marr\u00e9 en 2023, en partenariat avec &hellip; <\/p>\n<p class=\"link-more\"><a href=\"https:\/\/www.jardinsdechanabier.com\/?page_id=891\" class=\"more-link\">Continuer la lecture<span class=\"screen-reader-text\"> de &laquo;&nbsp;Le Jardin Solidaire et Partag\u00e9&nbsp;&raquo;<\/span><\/a><\/p>\n","protected":false},"author":1,"featured_media":893,"parent":17,"menu_order":0,"comment_status":"closed","ping_status":"closed","template":"","meta":{"_exactmetrics_skip_tracking":false,"_exactmetrics_sitenote_active":false,"_exactmetrics_sitenote_note":"","_exactmetrics_sitenote_category":0,"footnotes":""},"class_list":["post-891","page","type-page","status-publish","has-post-thumbnail","hentry"],"_links":{"self":[{"href":"https:\/\/www.jardinsdechanabier.com\/index.php?rest_route=\/wp\/v2\/pages\/891","targetHints":{"allow":["GET"]}}],"collection":[{"href":"https:\/\/www.jardinsdechanabier.com\/index.php?rest_route=\/wp\/v2\/pages"}],"about":[{"href":"https:\/\/www.jardinsdechanabier.com\/index.php?rest_route=\/wp\/v2\/types\/page"}],"author":[{"embeddable":true,"href":"https:\/\/www.jardinsdechanabier.com\/index.php?rest_route=\/wp\/v2\/users\/1"}],"replies":[{"embeddable":true,"href":"https:\/\/www.jardinsdechanabier.com\/index.php?rest_route=%2Fwp%2Fv2%2Fcomments&post=891"}],"version-history":[{"count":3,"href":"https:\/\/www.jardinsdechanabier.com\/index.php?rest_route=\/wp\/v2\/pages\/891\/revisions"}],"predecessor-version":[{"id":952,"href":"https:\/\/www.jardinsdechanabier.com\/index.php?rest_route=\/wp\/v2\/pages\/891\/revisions\/952"}],"up":[{"embeddable":true,"href":"https:\/\/www.jardinsdechanabier.com\/index.php?rest_route=\/wp\/v2\/pages\/17"}],"wp:featuredmedia":[{"embeddable":true,"href":"https:\/\/www.jardinsdechanabier.com\/index.php?rest_route=\/wp\/v2\/media\/893"}],"wp:attachment":[{"href":"https:\/\/www.jardinsdechanabier.com\/index.php?rest_route=%2Fwp%2Fv2%2Fmedia&parent=891"}],"curies":[{"name":"wp","href":"https:\/\/api.w.org\/{rel}","templated":true}]}}

Le Jardin Solidaire et Partagé

<p><strong>Ce jardin est un lieu de rencontre, un lieu de partage et de solidarité envers les familles et personnes en précarité, un lieu où on se reconnecte avec la nature, un lieu de formation à la permaculture, un lieu d&rsquo;apprentissage et de découverte…</strong></p>



<p>L&rsquo;aventure de ce jardin collectif a démarré en 2023, en partenariat avec l&rsquo;association Marius et Pâquerette pour l&rsquo;aide aux familles et aux personnes en précarité. </p>



<ul class="wp-block-list">
<li>Nous avons à disposition depuis le 1er avril 2023,&nbsp;<strong>un jardin de 1 400 m² sur Rosières (Ardèche)</strong>.&nbsp;Ce jardin est composé de deux terrasses contigües.</li>



<li>Nous cultivons ce jardin avec une petite équipe selon les principes du<strong> </strong><strong>jardinage sur sols vivants.</strong></li>



<li>Nous avons débuté la mise en place du <strong>design permaculturel</strong> du jardin en tenant compte de l&rsquo;existant.</li>



<li>Nous avons le souhait d&rsquo;accueillir des <strong>groupes en immersion</strong>. Un premier groupe a été accueilli en novembre 2023, en partenariat avec L&rsquo;Art d&rsquo;En Faire et la Mission Locale de l&rsquo;Ardèche Méridionale via le dispositif de <a href="https://lartdenfaire.com/la-passerelle-jeunes-une-aide-a-la-remobilisation/">« La Passerelle Jeunes »</a> </li>



<li>Ce jardin peut être défini comme étant<strong> un écolieu</strong> où tout peut être possible dans le respect des Humains, de la Nature, et dans la partage équitable des ressources. </li>
</ul>



<h4 class="wp-block-heading">En savoir plus : </h4>



<figure class="wp-block-embed is-type-wp-embed is-provider-les-jardins-de-chanabier wp-block-embed-les-jardins-de-chanabier"><div class="wp-block-embed__wrapper">
<blockquote class="wp-embedded-content" data-secret="mMVujVbfIu"><a href="https://www.jardinsdechanabier.com/?p=925">Création d&#8217;un Jardin Solidaire et Partagé</a></blockquote><iframe loading="lazy" class="wp-embedded-content" sandbox="allow-scripts" security="restricted" style="position: absolute; visibility: hidden;" title="« Création d&#8217;un Jardin Solidaire et Partagé » &#8212; les jardins de chanabier" src="https://www.jardinsdechanabier.com/?p=925&#038;embed=true#?secret=lezKVzsRPn#?secret=mMVujVbfIu" data-secret="mMVujVbfIu" width="525" height="296" frameborder="0" marginwidth="0" marginheight="0" scrolling="no"></iframe>
</div></figure>

<p>Ce jardin est un lieu de rencontre, un lieu de partage et de solidarité envers les familles et personnes en précarité, un lieu où on se reconnecte avec la nature, un lieu de formation à la permaculture, un lieu d&rsquo;apprentissage et de découverte… L&rsquo;aventure de ce jardin collectif a démarré en 2023, en partenariat avec &hellip; </p>
<p class="link-more"><a href="https://www.jardinsdechanabier.com/?page_id=891" class="more-link">Continuer la lecture<span class="screen-reader-text"> de &laquo;&nbsp;Le Jardin Solidaire et Partagé&nbsp;&raquo;</span></a></p>
